lse
Is 3277 composite?
True
Is 2878181 composite?
False
Is 114571 a composite number?
False
Is 73977 a prime number?
False
Is 14197 a prime number?
True
Is 262839 prime?
False
Is 29287 composite?
False
Is 967 prime?
True
Is 3943 composite?
False
Is 8782 composite?
True
Is 66791 composite?
False
Is 30133 prime?
True
Is 4007 a prime number?
True
Is 6552679 a prime number?
False
Is 67143 a prime number?
False
Is 16403 a composite number?
True
Is 542546 composite?
True
Is 43013 a composite number?
False
Is 2927 composite?
False
Is 153641 composite?
False
Is 15163 a prime number?
False
Is 24305 a composite number?
True
Is 32183 a composite number?
False
Is 76569 a composite number?
True
Is 3589 a prime number?
False
Is 1742893 a composite number?
False
Is 3713 composite?
True
Is 8117 prime?
True
Is 352123 prime?
True
Is 58783 a composite number?
True
Is 40861 a composite number?
True
Is 609611 a prime number?
False
Is 6469 a composite number?
False
Is 36229 prime?
True
Is 3711 composite?
True
Is 158089 composite?
True
Is 13771 prime?
False
Is 1507 composite?
True
Is 24263 a prime number?
False
Is 32831 prime?
True
Is 4799 prime?
True
Is 52343 a prime number?
False
Is 112721 prime?
False
Is 17257 composite?
False
Is 113983 composite?
False
Is 55607 a composite number?
True
Is 8851 a composite number?
True
Is 189511 prime?
False
Is 40459 a composite number?
False
Is 95617 a prime number?
True
Is 7639 a prime number?
True
Is 4226249 composite?
False
Is 277249 a prime number?
False
Is 177 a composite number?
True
Is 40813 composite?
False
Is 2949 a composite number?
True
Is 77317 composite?
False
Is 100241 prime?
False
Is 657959 a composite number?
False
Is 155965 composite?
True
Is 24361 a prime number?
False
Is 3901 composite?
True
Is 545726 prime?
False
Is 907 a composite number?
False
Is 27689 a composite number?
False
Is 21419 prime?
True
Is 325574 a prime number?
False
Is 328501 a composite number?
True
Is 1433069 a prime number?
False
Is 684889 composite?
False
Is 62243 composite?
True
Is 56841 composite?
True
Is 1657 a prime number?
True
Is 632726 prime?
False
Is 415301 prime?
False
Is 34421 composite?
False
Is 66119 composite?
True
Is 26077 composite?
True
Is 66403 composite?
False
Is 118 a prime number?
False
Is 7369 a composite number?
False
Is 247991 composite?
False
Is 193357 a prime number?
True
Is 19471 a prime number?
True
Is 117203 composite?
False
Is 6389 prime?
True
Is 7691 a prime number?
True
Is 677 a prime number?
True
Is 2173 a prime number?
False
Is 114974 a prime number?
False
Is 61861 a prime number?
True
Is 6911 prime?
True
Is 1939921 a prime number?
False
Is 93853 a composite number?
True
Is 34663 a prime number?
False
Is 22189 composite?
False
Is 24177 a prime number?
False
Is 19561 composite?
True
Is 121585 composite?
True
Is 459709 a composite number?
True
Is 1381 a prime number?
True
Is 94555 composite?
True
Is 2653 a composite number?
True
Is 21727 prime?
True
Is 39293 prime?
True
Is 14461 a prime number?
True
Is 4835 prime?
False
Is 2040593 a prime number?
True
Is 36119 a composite number?
True
Is 3389 a prime number?
True
Is 121921 a prime number?
True
Is 373 composite?
False
Is 2599 a composite number?
True
Is 40543 a composite number?
False
Is 1946497 a composite number?
True
Is 4499 a composite number?
True
Is 47837 prime?
True
Is 39019 a composite number?
False
Is 92593 a composite number?
False
Is 251849 prime?
False
Is 701 composite?
False
Is 12938 a prime number?
False
Is 27203 a prime number?
False
Is 349937 composite?
True
Is 799 a prime number?
False
Is 41269 composite?
False
Is 5755 a prime number?
False
Is 143131 composite?
True
Is 111715 composite?
True
Is 452393 composite?
False
Is 1559333 a composite number?
False
Is 100811 a prime number?
True
Is 111899 composite?
True
Is 65539 a composite number?
False
Is 228397 prime?
False
Is 19531 a composite number?
False
Is 14303 a composite number?
False
Is 28029 composite?
True
Is 2786009 a composite number?
False
Is 1363967 prime?
False
Is 1337261 prime?
True
Is 16367 prime?
False
Is 22793 a composite number?
True
Is 5107 a prime number?
True
Is 230801 a composite number?
True
Is 3943 a prime number?
True
Is 91121 a prime number?
True
Is 54167 composite?
False
Is 1591 a prime number?
False
Is 106087 composite?
False
Is 12799 a composite number?
False
Is 2939 a prime number?
True
Is 5731 a composite number?
True
Is 57347 prime?
True
Is 200569 prime?
True
Is 38989 composite?
True
Is 48971 composite?
True
Is 3091 composite?
True
Is 13501 composite?
True
Is 301393 prime?
False
Is 22567 prime?
True
Is 18797 prime?
True
Is 5147 a composite number?
False
Is 137849 prime?
True
Is 2258 a prime number?
False
Is 190273 composite?
True
Is 16249 a prime number?
True
Is 59713 a composite number?
True
Is 178403 composite?
False
Is 1343 prime?
False
Is 2021001 prime?
False
Is 258861 a composite number?
True
Is 42859 prime?
True
Is 22529 prime?
False
Is 1079477 a composite number?
True
Is 26097 composite?
True
Is 17377 a prime number?
True
Is 86453 a prime number?
True
Is 26479 prime?
True
Is 94513 a prime number?
True
Is 345907 a composite number?
False
Is 1313083 a prime number?
True
Is 570767 composite?
True
Is 169987 a prime number?
True
Is 18713 a composite number?
False
Is 30553 a prime number?
True
Is 33997 composite?
False
Is 531287 a composite number?
False
Is 25829 prime?
False
Is 3967 composite?
False
Is 16447 a composite number?
False
Is 72755 composite?
True
Is 220529 a composite number?
False
Is 133174 a composite number?
True
Is 76795 prime?
False
Is 701 prime?
True
Is 19531 a composite number?
False
Is 461069 a prime number?
False
Is 38839 a composite number?
False
Is 121477 prime?
False
Is 205619 a composite number?
False
Is 29009 a composite number?
False
Is 19249 prime?
True
Is 690293 composite?
False
Is 10983491 a prime number?
True
Is 485387 a composite number?
True
Is 541339 a prime number?
True
Is 13669 prime?
True
Is 2183 a composite number?
True
Is 64151 composite?
False
Is 61271 prime?
False
Is 159389 prime?
True
Is 23969 composite?
True
Is 1067 a prime number?
False
Is 1155767 prime?
False
Is 233009 prime?
False
Is 2018249 a composite number?
False
Is 1283918 composite?
True
Is 4327 composite?
False
Is 2581 composite?
True
Is 8039 prime?
True
Is 24433 a prime number?
False
Is 763111 composite?
False
Is 626765 prime?
False
Is 316567 a composite number?
False
Is 170701 a prime number?
True
Is 223 prime?
True
Is 51893 composite?
False
Is 452269 composite?
False
Is 8287 composite?
False
Is 473719 composite?
False
Is 7669 a prime number?
True
Is 5747 a prime number?
False
Is 185047 prime?
False
Is 2120107 prime?
False
Is 28685 a prime number?
False
Is 17707 prime?
True
Is 85679 a composite number?
True
Is 132373 a prime number?
False
Is 211069 prime?
False
Is 27479 a prime number?
True
Is 15401 prime?
True
Is 2069 a composite number?
False
Is 98179 a composite number?
False
Is 11467 a composite number?
False
Is 632039 composite?
True
Is 213011 prime?
False
Is 2207 a composite number?
False
Is 14503 a composite number?
False
Is 1132981 a prime number?
False
Is 676337 a composite number?
False
Is 824269 a composite number?
False
Is 3899681 composite?
True
Is 57221 composite?
False
Is 63193 prime?
False
Is 1293217 a composite number?
True
Is 243197 a prime number?
True
Is 45829 composite?
True
Is 2761 a prime number?
False
Is 70289 a composite number?
False
Is 13901 a prime number?
True
Is 113777 composite?
False
Is 650729 composite?
True
Is 1161727 a prime number?
False
Is 438937 a composite number?
False
Is 180811 a prime number?
True
Is 2323 a composite number?
True
Is 27847 prime?
True
Is 41105 a composite number?
True
Is 3763 a prime number?
False
Is 111851 a prime number?
False
Is 504253 a composite number?
True
Is 6629 a prime number?
False
Is 607813 composite?
False
Is 165773 a prime number?
False
Is 4783 composite?
False
Is 455381 prime?
True
Is 349801 a prime number?
True
Is 505669 composite?
False
Is 25937 a composite number?
True
Is 1985 a prime number?
False
Is 5638 composite?
True
Is 198031 composite?
False
Is 53219 composite?
True
Is 85379 a prime number?
False
Is 45947 a prime number?
False
Is 164173 a prime number?
True
Is 1253 prime?
F